ed by 11.
8
Let m be (0 - (-3)/(-1)) + -5. Let f = -30 - -53. What is the remainder when f is divided by (m/(-20))/(2/40)?
7
Let p(c) = 8*c - 2. Let v be p(6). Suppose -3*j = -v + 7. What is the remainder when 23 is divided by j?
10
Let d(y) = 4*y**2 - 2*y - 2. Let m be d(3). Let a = -59 - m. Calculate the remainder when a/(-4) + 1/4 is divided by 12.
10
Suppose 2*d - 4 = 2. Suppose -c - 2*c = -q + 14, -2*q - 4*c - 2 = 0. What is the remainder when q is divided by 8/d + 2/6?
2
Let u = 49 - 21. Suppose -4*b + 78 - 18 = 0. Calculate the remainder when u is divided by b.
13
Let b = -35 - -35. Suppose 2*z = 0, 3*d = -4*z + 1 + 50. Suppose u = -b*u + d. What is the remainder when 49 is divided by u?
15
Let i(v) = v**3 + v**2 + 2*v + 62. Calculate the remainder when i(0) is divided by 13.
10
Suppose -5*m + 9 = -21. Suppose -3*g = -12, 2*s + 2*g = 3*g + 30. Calculate the remainder when s is divided by m.
5
Suppose 0 = -0*b - 3*b + 123. What is the remainder when b is divided by 14?
13
Suppose 15 = 5*i - 0*i. Let a = 9 + -3. Calculate the remainder when (-42)/(-9) + (-4)/a is divided by i.
1
Calculate the remainder when 28 is divided by (-2 - (-28)/(-16))*-4.
13
Suppose -2*s + 0*p = 5*p - 66, 4*s = 3*p + 80. Let c = s + -14. Calculate the remainder when 24 is divided by c.
6
Suppose -3*h - 3*c - 3 = 0, -2*h + 3*c + 22 = -c. Suppose g - 124 = -h*g. What is the remainder when g is divided by 16?
15
Let c = -1 + 3. Suppose -c*w = -3*a - a - 548, -4*w = 5*a + 672. Let n = -92 - a. What is the remainder when n is divided by 15?
14
Let s = -28 - 63. Let d = -66 + 7. Let v = d - s. Calculate the remainder when v is divided by 17.
15
Let a(c) = -4*c**3 - 4*c**2 - 2*c + 1. What is the remainder when 76 is divided by a(-2)?
13
Suppose 2*f = 3*y + 3 - 15, 0 = -4*y - 2*f + 2. Suppose 2*h - 3*z = 48, -5*h + 0*z - y*z + 101 = 0. What is the remainder when 61 is divided by h?
19
Let u = 20 - 8. Let m = u - 5. Suppose -5*t = -3*t - 26. What is the remainder when t is divided by m?
6
Let d be (2 + 2)/4*-2. What is the remainder when (d - -1) + 0 + 10 is divided by 6?
3
Let c = 1 - -1. Suppose -u = c*u - 6. Let m = -53 + 55. Calculate the remainder when u is divided by m.
0
Let c(b) = 36*b**3 - 2*b + 1. Calculate the remainder when c(1) is divided by 10.
5
Calculate the remainder when (-2)/4*(0 - 2) is divided by (-8)/(-6) - 6/18.
0
Suppose 6*u + 6 = 3*u. Let x(c) = -c**2 - 5*c - 2. Let d be x(u). Suppose -4*r = d*o - 44, 3*r + o = 6*o + 73. Calculate the remainder when 46 is divided by r.
14
Suppose 0 = -5*d + 3*d. Suppose d = -2*a + a + 15. What is the remainder when a is divided by 8?
7
Suppose -o = 3*d - 36, d - 12 + 0 = o. Calculate the remainder when 34 is divided by d.
10
Let d = -10 - -16. Let o(n) = 2*n + 6. What is the remainder when 53 is divided by o(d)?
17
Suppose 0 = 5*k + 20, -5*h + 57 + 46 = 3*k. What is the remainder when 76 is divided by h?
7
Calculate the remainder when (-50)/(-6)*(6 - 3) is divided by 14.
11
Let k(f) = f**2 + f. Let j be k(-4). Let p be j + -2 + -3 - 2. Suppose 45 = p*w - 0*w. What is the remainder when 34 is divided by w?
7
Let d be 5*1*(-6)/(-15). Let i(j) = j**3 - 2*j**2 + 2. Suppose -2*v + 5 = 3, 3*m - 16 = -4*v. Calculate the remainder when m is divided by i(d).
0
Suppose 3*g + 3*c = 153, 4*g - 2*g = 4*c + 120. Calculate the remainder when g is divided by 8.
6
Suppose 2*j + 2*i + i = -7, -5*i = -4*j + 41. Suppose 0 = -k + j*k - 21. Calculate the remainder when 27 is divided by k.
6
Let p = -8 + -1. Let k = 28 + p. Let w = 9 - -1. Calculate the remainder when k is divided by w.
9
What is the remainder when 20 is divided by (14/4)/(3/6)?
6
Suppose -4*g + 5*r + 175 = 0, 5*g - 188 = -3*r + 3. Calculate the remainder when 118 is divided by g.
38
Let g be 4/(-20) + (-51)/(-5). Suppose 0*b - 5*b = z - 31, 2*z - 44 = -4*b. What is the remainder when z is divided by (8/g)/(6/45)?
4
Suppose 0*y - 54 = -3*y. Suppose -l + 0*z = 2*z - 47, -z = -2*l + 109. What is the remainder when l is divided by y?
17
Let u(p) = p + 30. Calculate the remainder when 45 is divided by u(-13).
11
Let j be 25/(-9) - (-2)/(-9). Calculate the remainder when 29 is divided by 8 + 4 + 18/j.
5
Let v(s) = -s + 38. Calculate the remainder when v(-11) is divided by 13.
10
Suppose -4*t + 64 = -5*x, -2*t = 2*t + x - 64. Calculate the remainder when 29 is divided by t.
13
Let h = 0 + 2. Let g be 544/(-6) + h/(-6). Let s = -36 - g. What is the remainder when s is divided by 19?
17
Let p = -55 - -103. What is the remainder when p is divided by 26?
22
Suppose 0*o - 3*o = 21. Let w = 17 + o. What is the remainder when 18 is divided by w?
8
Let x = -119 + 130. What is the remainder when 17 is divided by x?
6
Let z = 5 - -10. What is the remainder when 27 is divided by z?
12
Suppose 5*i - 69 = -54. What is the remainder when 11 is divided by i?
2
Let g = 220 + -41. What is the remainder when g is divided by 15?
14
What is the remainder when 17 is divided by (-3)/4 + (-6)/((-72)/93)?
3
Suppose -q + 10 = -0*q. What is the remainder when 27 is divided by q?
7
Suppose -2*t + 17 = 3. What is the remainder when t is divided by 3?
1
Suppose 4*z = 3*z + 10. Suppose 5*n = 10, -4*r - 2*n = -6*n - 16. Calculate the remainder when z is divided by r.
4
Let h(a) = 5*a - 21. Let s = 10 + -3. What is the remainder when h(8) is divided by s?
5
Suppose -2*w - 2*c - 22 = 0, w + 4*c = -13 - 13. Let m(p) = -p**3 - 5*p**2 + 2*p - 1. Calculate the remainder when m(w) is divided by 12.
11
Suppose 7*b - 1629 = -208. What is the remainder when b is divided by 41?
39
Let b(h) = 3*h + 7. Suppose -2*v + 8 + 0 = 0, u - 4*v = -14. Suppose 0 = -4*w, 6*w = 4*i + u*w - 48. What is the remainder when i is divided by b(0)?
5
What is the remainder when 30 is divided by 126/8 + ((-264)/(-32) - 8)?
14
Let x(z) = 3*z - 18. Calculate the remainder when 4 is divided by x(7).
1
Suppose -4*m + 41 = -3*z, -10 = -2*m - 0*m - 2*z. Suppose -3*d = -2*d - 49. Let s = d - 34. Calculate the remainder when s is divided by m.
7
Let g be (1/2)/((-11)/(-440)). Suppose 5*p - 8 = w, -5*w - 5*p + g = -0*p. Calculate the remainder when w is divided by 1.
0
Let o be ((-3)/(-2))/(1/2). Suppose o*f = 5*a + 18 - 97, f + 45 = 3*a. What is the remainder when 55 is divided by a?
13
Suppose -3*m = 2*m - 860. Suppose -5*y - i = -m, -y = y - 4*i - 82. Calculate the remainder when y is divided by (8/5)/((-2)/(-15)).
11
Let h(a) = -13*a**3 + a + 1. Calculate the remainder when h(-2) is divided by 21.
19
Suppose 31*i - 33*i = -70. What is the remainder when 209 is divided by i?
34
Let h = -21 - -47. Calculate the remainder when 103 is divided by h.
25
Let l(v) = 2*v. Let h be l(-4). Let t = -95 - -1. What is the remainder when 35 is divided by t/h - 2/(-8)?
11
Let g(h) = -h**2 + 2*h - 5. Let c be g(4). Let r = 19 - c. Calculate the remainder when r is divided by 17.
15
What is the remainder when 15 is divided by (-50)/(-5) - (-3)/(-3)?
6
Suppose -3*g - c = -20, -2*c - 5 = -4*g + 5. Suppose 4*i + 45 = 7*u - 2*u, -3*i = g*u - 10. What is the remainder when (-26)/(-3) + (-6)/9 is divided by u?
3
Suppose -4*z + 84 = -64. Suppose 3*k = -4*s + 27, 2*s - 76 = -5*k - 17. What is the remainder when z is divided by k?
11
Let i be (-3)/6 - (-11)/2. Suppose 4*n + i*w = 17 + 5, -4*w = 8. What is the remainder when 23 is divided by n?
7
Suppose 0 = m - 5*m + 104. Suppose -m = -3*h + 4. Let v = -49 + 77. What is the remainder when v is divided by h?
8
Suppose -79 = -n + 5*k - 4*k, 2*n + k - 170 = 0. Calculate the remainder when n is divided by 21.
20
Let f = 22 + -12. Suppose -4*n + 20 = -2*z, 4*n + z - f = 4. Calculate the remainder when n is divided by 1.
0
Suppose -21 = 3*h - 87. Calculate the remainder when 20*(0 - -3) - -4 is divided by h.
20
Let i = 17 - 2. Calculate the remainder when 43 is divided by i.
13
Suppose 3*s - 2*s - 10 = 0. What is the remainder when 19 is divided by 6/4 - (-95)/s?
8
Let p be 2/(6/5)*3. Let s = 8 - p. What is the remainder when 3 is divided by s?
0
What is the remainder when 41 is divided by 15*(0 - -1) + -1?
13
Suppose n - 25 = -2*n + 5*l, -2*l + 83 = 5*n. Calculate the remainder when 88 is divided by n.
13
Suppose 0 = 2*q + 3*q - 10. Calculate the remainder when q is divided by (-2)/(1 + (-2 - 1)).
0
Let o = 21 + -3. Suppo